{"id":1020,"date":"2021-04-30T18:00:03","date_gmt":"2021-04-30T16:00:03","guid":{"rendered":"https:\/\/praxis-armonia.ch\/?page_id=1020"},"modified":"2025-12-02T21:03:01","modified_gmt":"2025-12-02T20:03:01","slug":"home-2-2-4","status":"publish","type":"page","link":"https:\/\/praxis-armonia.ch\/?page_id=1020","title":{"rendered":"Schr\u00f6pfen"},"content":{"rendered":"<div class=\"wpb-content-wrapper\"><p>[vc_row][vc_column][rev_slider_vc alias=&#8220;homev1&#8243;][vc_empty_space height=&#8220;80px&#8220;][\/vc_column][\/vc_row][vc_row][vc_column width=&#8220;1\/4&#8243;][\/vc_column][vc_column width=&#8220;1\/2&#8243;][vc_custom_heading text=&#8220;Schr\u00f6pfen&#8220; font_container=&#8220;tag:h2|font_size:26px|text_align:center&#8220; use_theme_fonts=&#8220;yes&#8220; css=&#8220;&#8220;][vc_column_text css=&#8220;&#8220;]Schr\u00f6pfen ist eine traditionelle Naturheilmethode, bei der durch Unterdruck in Schr\u00f6pfgl\u00e4sern die Durchblutung gef\u00f6rdert, der Stoffwechsel angeregt und Verspannungen gel\u00f6st werden. Es wirkt gezielt auf das darunterliegende Gewebe, unterst\u00fctzt die Entgiftung, st\u00e4rkt das Immunsystem und kann Beschwerden wie R\u00fcckenschmerzen, Verdauungsproblemen oder Stress lindern.[\/vc_column_text][vc_empty_space height=&#8220;40px&#8220;][vc_single_image image=&#8220;1289&#8243; img_size=&#8220;full&#8220; css=&#8220;&#8220;][vc_empty_space height=&#8220;40px&#8220;]<span id=\"creative-link-wrap-5825\" class=\"ult_main_cl ult-adjust-bottom-margin style-ten  vc_custom_1735922113475\" >\n\t \t\t\t<span class=\"ult_cl_link_11  ult_crlink\" >\n\t\t\t\t\t<a  data-ultimate-target='#creative-link-wrap-5825 .ult_colorlink'  data-responsive-json-new='{\"font-size\":\"desktop:12px;\",\"line-height\":\"desktop:16px;\"}'  href=\"https:\/\/praxis-armonia.ch\/?page_id=704\" title=\"Termin vereinbaren\"  class=\"ult_colorlink ult-responsive \" style=\"font-family:Open Sans;font-weight:600; \"  data-textcolor=\"#ffffff\" data-texthover=\"#000000\"data-style=\"Style_11\">\n\t\t\t\t\t\t<span class=\"ult_link_top ult_btn11_link_top \" style=\"background:#008080;color:#000000;;padding-top: 10px !important;padding-right: 20px !important;padding-bottom: 10px !important;padding-left: 20px !important;\">Termin vereinbaren<\/span>\n\t\t\t\t\t\t<span data-hover=\"Termin vereinbaren\" style=\"color:#ffffff;;background:#000000;;padding-top: 10px !important;padding-right: 20px !important;padding-bottom: 10px !important;padding-left: 20px !important;\" class=\"ult_btn10_span   \">Termin vereinbaren<\/span>\n\t\t\t\t\t\t\n\t\t\t\t\t<\/a>\n\t\t\t\t<\/span>\n\t\t\t<\/span>[vc_empty_space height=&#8220;40px&#8220;][\/vc_column][vc_column width=&#8220;1\/4&#8243;][\/vc_column][\/vc_row][vc_row bg_type=&#8220;bg_color&#8220; bg_override=&#8220;ex-full&#8220; css=&#8220;.vc_custom_1734355914592{padding-top: 120px !important;padding-bottom: 100px !important;}&#8220; bg_color_value=&#8220;#d4e9e9&#8243;][vc_column css_animation=&#8220;slideInUp&#8220; width=&#8220;1\/4&#8243; css=&#8220;.vc_custom_1497199728369{padding-right: 25px !important;padding-left: 25px !important;}&#8220;][\/vc_column][vc_column css_animation=&#8220;none&#8220; width=&#8220;1\/2&#8243; css=&#8220;.vc_custom_1733340176151{padding-right: 25px !important;padding-left: 25px !important;}&#8220;][vc_custom_heading text=&#8220;Wirkung des Schr\u00f6pfens&#8220; font_container=&#8220;tag:h3|font_size:26px|text_align:center&#8220; use_theme_fonts=&#8220;yes&#8220; css=&#8220;&#8220;][vc_empty_space height=&#8220;40px&#8220;][vc_column_text css=&#8220;&#8220;]Schr\u00f6pfen ist eine vielseitige Therapie, die bei einer Reihe von Beschwerden eingesetzt wird, um das Wohlbefinden zu f\u00f6rdern und das k\u00f6rpereigene Gleichgewicht wiederherzustellen. Es wird sowohl zur akuten Schmerzbehandlung als auch zur allgemeinen Gesundheitsf\u00f6rderung und Pr\u00e4vention eingesetzt. Zu den wichtigsten Einsatzgebieten geh\u00f6ren:[\/vc_column_text]<div class=\"aio-icon-component    style_1\"><a class=\"aio-icon-box-link\" ><div id=\"Info-box-wrap-2197\" class=\"aio-icon-box top-icon\" style=\"\"  ><div class=\"aio-icon-top\"><div class=\"ult-just-icon-wrapper  \"><div class=\"align-icon\" style=\"text-align:center;\">\n<div class=\"aio-icon none \"  style=\"color:#333;font-size:30px;display:inline-block;\">\n\t<i class=\"Defaults-chain link\"><\/i>\n<\/div><\/div><\/div><\/div><div class=\"aio-icon-header\" ><h3 class=\"aio-icon-title ult-responsive\"  data-ultimate-target='#Info-box-wrap-2197 .aio-icon-title'  data-responsive-json-new='{\"font-size\":\"desktop:13px;\",\"line-height\":\"\"}'  style=\"font-family:&#039;Open Sans&#039;;font-weight:700;color:#3f3f3f;\">Muskel- und Gelenkschmerzen<\/h3><\/div> <!-- header --><div class=\"aio-icon-description ult-responsive\"  data-ultimate-target='#Info-box-wrap-2197 .aio-icon-description'  data-responsive-json-new='{\"font-size\":\"\",\"line-height\":\"\"}'  style=\"\">Schr\u00f6pfen ist besonders wirksam bei muskul\u00e4ren Verspannungen, Schulter- oder R\u00fcckenschmerzen, Ischialgie und Gelenkbeschwerden wie Rheuma. Es l\u00f6st tiefliegende Verspannungen, f\u00f6rdert die Durchblutung und hilft, verh\u00e4rtete Muskelpartien zu entspannen.<\/div> <!-- description --><\/div> <!-- aio-icon-box --><\/a><\/div> <!-- aio-icon-component --><div class=\"aio-icon-component    style_1\"><a class=\"aio-icon-box-link\" ><div id=\"Info-box-wrap-6695\" class=\"aio-icon-box top-icon\" style=\"\"  ><div class=\"aio-icon-top\"><div class=\"ult-just-icon-wrapper  \"><div class=\"align-icon\" style=\"text-align:center;\">\n<div class=\"aio-icon none \"  style=\"color:#333;font-size:30px;display:inline-block;\">\n\t<i class=\"Defaults-user\"><\/i>\n<\/div><\/div><\/div><\/div><div class=\"aio-icon-header\" ><h3 class=\"aio-icon-title ult-responsive\"  data-ultimate-target='#Info-box-wrap-6695 .aio-icon-title'  data-responsive-json-new='{\"font-size\":\"desktop:13px;\",\"line-height\":\"\"}'  style=\"font-family:&#039;Open Sans&#039;;font-weight:700;color:#3f3f3f;\">Kopfschmerzen und Migr\u00e4ne<\/h3><\/div> <!-- header --><div class=\"aio-icon-description ult-responsive\"  data-ultimate-target='#Info-box-wrap-6695 .aio-icon-description'  data-responsive-json-new='{\"font-size\":\"\",\"line-height\":\"\"}'  style=\"\">Durch die Entlastung verspannter Muskulatur, insbesondere im Nacken- und Schulterbereich, kann Schr\u00f6pfen zur Linderung von Kopfschmerzen und Migr\u00e4ne beitragen. Es f\u00f6rdert die Durchblutung und kann Spannungskopfschmerzen vorbeugen.<\/div> <!-- description --><\/div> <!-- aio-icon-box --><\/a><\/div> <!-- aio-icon-component --><div class=\"aio-icon-component    style_1\"><a class=\"aio-icon-box-link\" ><div id=\"Info-box-wrap-3789\" class=\"aio-icon-box top-icon\" style=\"\"  ><div class=\"aio-icon-top\"><div class=\"ult-just-icon-wrapper  \"><div class=\"align-icon\" style=\"text-align:center;\">\n<div class=\"aio-icon none \"  style=\"color:#333;font-size:30px;display:inline-block;\">\n\t<i class=\"Defaults-stethoscope\"><\/i>\n<\/div><\/div><\/div><\/div><div class=\"aio-icon-header\" ><h3 class=\"aio-icon-title ult-responsive\"  data-ultimate-target='#Info-box-wrap-3789 .aio-icon-title'  data-responsive-json-new='{\"font-size\":\"desktop:13px;\",\"line-height\":\"\"}'  style=\"font-family:&#039;Open Sans&#039;;font-weight:700;color:#3f3f3f;\">Organprobleme<\/h3><\/div> <!-- header --><div class=\"aio-icon-description ult-responsive\"  data-ultimate-target='#Info-box-wrap-3789 .aio-icon-description'  data-responsive-json-new='{\"font-size\":\"\",\"line-height\":\"\"}'  style=\"\">Bei Lebererkrankungen, Lungenentz\u00fcndungen, Asthma, Nierenbeckenentz\u00fcndungen oder Blasenentz\u00fcndung kann die Schr\u00f6pftherapie die Heilung zus\u00e4tzlich unterst\u00fctzen.<\/div> <!-- description --><\/div> <!-- aio-icon-box --><\/a><\/div> <!-- aio-icon-component --><div class=\"aio-icon-component    style_1\"><a class=\"aio-icon-box-link\" ><div id=\"Info-box-wrap-9923\" class=\"aio-icon-box top-icon\" style=\"\"  ><div class=\"aio-icon-top\"><div class=\"ult-just-icon-wrapper  \"><div class=\"align-icon\" style=\"text-align:center;\">\n<div class=\"aio-icon none \"  style=\"color:#333;font-size:30px;display:inline-block;\">\n\t<i class=\"Defaults-tint\"><\/i>\n<\/div><\/div><\/div><\/div><div class=\"aio-icon-header\" ><h3 class=\"aio-icon-title ult-responsive\"  data-ultimate-target='#Info-box-wrap-9923 .aio-icon-title'  data-responsive-json-new='{\"font-size\":\"desktop:13px;\",\"line-height\":\"\"}'  style=\"font-family:&#039;Open Sans&#039;;font-weight:700;color:#3f3f3f;\">Durchblutungsst\u00f6rungen<\/h3><\/div> <!-- header --><div class=\"aio-icon-description ult-responsive\"  data-ultimate-target='#Info-box-wrap-9923 .aio-icon-description'  data-responsive-json-new='{\"font-size\":\"\",\"line-height\":\"\"}'  style=\"\">Schr\u00f6pfen regt die Blutzirkulation an und kann helfen, Kreislaufprobleme und kalte Extremit\u00e4ten wie H\u00e4nde und F\u00fcsse zu verbessern. Die Therapie wirkt regulierend auf zu hohen oder zu tiefen Blutdruck.<\/div> <!-- description --><\/div> <!-- aio-icon-box --><\/a><\/div> <!-- aio-icon-component --><div class=\"aio-icon-component    style_1\"><a class=\"aio-icon-box-link\" ><div id=\"Info-box-wrap-6967\" class=\"aio-icon-box top-icon\" style=\"\"  ><div class=\"aio-icon-top\"><div class=\"ult-just-icon-wrapper  \"><div class=\"align-icon\" style=\"text-align:center;\">\n<div class=\"aio-icon none \"  style=\"color:#333;font-size:30px;display:inline-block;\">\n\t<i class=\"Defaults-repeat rotate-right\"><\/i>\n<\/div><\/div><\/div><\/div><div class=\"aio-icon-header\" ><h3 class=\"aio-icon-title ult-responsive\"  data-ultimate-target='#Info-box-wrap-6967 .aio-icon-title'  data-responsive-json-new='{\"font-size\":\"desktop:13px;\",\"line-height\":\"\"}'  style=\"font-family:&#039;Open Sans&#039;;font-weight:700;color:#3f3f3f;\">Verdauungsprobleme<\/h3><\/div> <!-- header --><div class=\"aio-icon-description ult-responsive\"  data-ultimate-target='#Info-box-wrap-6967 .aio-icon-description'  data-responsive-json-new='{\"font-size\":\"\",\"line-height\":\"\"}'  style=\"\">Die Behandlung bestimmter Reflexzonen kann die Verdauung f\u00f6rdern und Beschwerden wie Bl\u00e4hungen oder V\u00f6llegef\u00fchl lindern. Schr\u00f6pfen wirkt regulierend auf den Magen-Darm-Trakt und kann den Stoffwechsel unterst\u00fctzen. Zu empfehlen ist Schr\u00f6pfen auch bei Gastritis, Reflux, Sodbrennen, Colitis, Morbus Crohn oder Darmentz\u00fcndungen.<\/div> <!-- description --><\/div> <!-- aio-icon-box --><\/a><\/div> <!-- aio-icon-component --><div class=\"aio-icon-component    style_1\"><a class=\"aio-icon-box-link\" ><div id=\"Info-box-wrap-6962\" class=\"aio-icon-box top-icon\" style=\"\"  ><div class=\"aio-icon-top\"><div class=\"ult-just-icon-wrapper  \"><div class=\"align-icon\" style=\"text-align:center;\">\n<div class=\"aio-icon none \"  style=\"color:#333;font-size:30px;display:inline-block;\">\n\t<i class=\"Defaults-arrow-circle-up\"><\/i>\n<\/div><\/div><\/div><\/div><div class=\"aio-icon-header\" ><h3 class=\"aio-icon-title ult-responsive\"  data-ultimate-target='#Info-box-wrap-6962 .aio-icon-title'  data-responsive-json-new='{\"font-size\":\"desktop:13px;\",\"line-height\":\"\"}'  style=\"font-family:&#039;Open Sans&#039;;font-weight:700;color:#3f3f3f;\">St\u00e4rkung des Immunsystems<\/h3><\/div> <!-- header --><div class=\"aio-icon-description ult-responsive\"  data-ultimate-target='#Info-box-wrap-6962 .aio-icon-description'  data-responsive-json-new='{\"font-size\":\"\",\"line-height\":\"\"}'  style=\"\">Durch die Aktivierung des lymphatischen Systems und die F\u00f6rderung der Durchblutung hilft Schr\u00f6pfen, das Immunsystem zu unterst\u00fctzen. Dies macht den K\u00f6rper widerstandsf\u00e4higer gegen Infekte (Bronchitis, Halsschmerzen, Grippe) und st\u00e4rkt die Abwehrkr\u00e4fte.<\/div> <!-- description --><\/div> <!-- aio-icon-box --><\/a><\/div> <!-- aio-icon-component --><div class=\"aio-icon-component    style_1\"><a class=\"aio-icon-box-link\" ><div id=\"Info-box-wrap-1301\" class=\"aio-icon-box top-icon\" style=\"\"  ><div class=\"aio-icon-top\"><div class=\"ult-just-icon-wrapper  \"><div class=\"align-icon\" style=\"text-align:center;\">\n<div class=\"aio-icon none \"  style=\"color:#333;font-size:30px;display:inline-block;\">\n\t<i class=\"Defaults-bolt flash\"><\/i>\n<\/div><\/div><\/div><\/div><div class=\"aio-icon-header\" ><h3 class=\"aio-icon-title ult-responsive\"  data-ultimate-target='#Info-box-wrap-1301 .aio-icon-title'  data-responsive-json-new='{\"font-size\":\"desktop:13px;\",\"line-height\":\"\"}'  style=\"font-family:&#039;Open Sans&#039;;font-weight:700;color:#3f3f3f;\">Stress und innere Unruhe<\/h3><\/div> <!-- header --><div class=\"aio-icon-description ult-responsive\"  data-ultimate-target='#Info-box-wrap-1301 .aio-icon-description'  data-responsive-json-new='{\"font-size\":\"\",\"line-height\":\"\"}'  style=\"\">Schr\u00f6pfen wirkt beruhigend auf das Nervensystem und kann helfen, Stress abzubauen und zu mehr innerer Ruhe zu finden. Besonders die Schr\u00f6pfmassage kann eine tiefenentspannende Wirkung entfalten.<\/div> <!-- description --><\/div> <!-- aio-icon-box --><\/a><\/div> <!-- aio-icon-component --><div class=\"aio-icon-component    style_1\"><a class=\"aio-icon-box-link\" ><div id=\"Info-box-wrap-5317\" class=\"aio-icon-box top-icon\" style=\"\"  ><div class=\"aio-icon-top\"><div class=\"ult-just-icon-wrapper  \"><div class=\"align-icon\" style=\"text-align:center;\">\n<div class=\"aio-icon none \"  style=\"color:#333;font-size:30px;display:inline-block;\">\n\t<i class=\"Defaults-flask\"><\/i>\n<\/div><\/div><\/div><\/div><div class=\"aio-icon-header\" ><h3 class=\"aio-icon-title ult-responsive\"  data-ultimate-target='#Info-box-wrap-5317 .aio-icon-title'  data-responsive-json-new='{\"font-size\":\"desktop:13px;\",\"line-height\":\"\"}'  style=\"font-family:&#039;Open Sans&#039;;font-weight:700;color:#3f3f3f;\">Entgiftung und Entschlackung<\/h3><\/div> <!-- header --><div class=\"aio-icon-description ult-responsive\"  data-ultimate-target='#Info-box-wrap-5317 .aio-icon-description'  data-responsive-json-new='{\"font-size\":\"\",\"line-height\":\"\"}'  style=\"\">Durch die Anregung des Stoffwechsels und des Lymphflusses unterst\u00fctzt Schr\u00f6pfen den K\u00f6rper beim Abtransport von Giftstoffen und Stoffwechselabfallprodukten. Es ist daher auch eine beliebte Methode im Rahmen von Detox-Kuren oder bei \u00dcbergewicht.<\/div> <!-- description --><\/div> <!-- aio-icon-box --><\/a><\/div> <!-- aio-icon-component --><div class=\"aio-icon-component    style_1\"><a class=\"aio-icon-box-link\" ><div id=\"Info-box-wrap-2747\" class=\"aio-icon-box top-icon\" style=\"\"  ><div class=\"aio-icon-top\"><div class=\"ult-just-icon-wrapper  \"><div class=\"align-icon\" style=\"text-align:center;\">\n<div class=\"aio-icon none \"  style=\"color:#333;font-size:30px;display:inline-block;\">\n\t<i class=\"Defaults-star-o\"><\/i>\n<\/div><\/div><\/div><\/div><div class=\"aio-icon-header\" ><h3 class=\"aio-icon-title ult-responsive\"  data-ultimate-target='#Info-box-wrap-2747 .aio-icon-title'  data-responsive-json-new='{\"font-size\":\"desktop:13px;\",\"line-height\":\"\"}'  style=\"font-family:&#039;Open Sans&#039;;font-weight:700;color:#3f3f3f;\">Hautprobleme<\/h3><\/div> <!-- header --><div class=\"aio-icon-description ult-responsive\"  data-ultimate-target='#Info-box-wrap-2747 .aio-icon-description'  data-responsive-json-new='{\"font-size\":\"\",\"line-height\":\"\"}'  style=\"\">Die verbesserte Durchblutung und die stimulierende Wirkung des Schr\u00f6pfens k\u00f6nnen bei bestimmten Hautproblemen wie Cellulite oder Akne unterst\u00fctzend wirken und das Hautbild verbessern.<\/div> <!-- description --><\/div> <!-- aio-icon-box --><\/a><\/div> <!-- aio-icon-component -->[vc_empty_space height=&#8220;20px&#8220;][vc_column_text css=&#8220;&#8220;]Sch\u00fcssler Salze eignen sich sowohl zur gezielten Behandlung akuter Beschwerden als auch als unterst\u00fctzende Massnahme zur St\u00e4rkung der allgemeinen Gesundheit und zur Pr\u00e4vention. Durch die M\u00f6glichkeit, individuell abgestimmte Kombinationen zu verwenden, l\u00e4sst sich die Anwendung an die spezifischen Bed\u00fcrfnisse jeder Person anpassen. In unserer Praxis beraten wir Sie gerne ausf\u00fchrlich zu den richtigen Salzen f\u00fcr Ihre Situation und begleiten Sie auf Ihrem Weg zu mehr Wohlbefinden und Balance.[\/vc_column_text][vc_empty_space height=&#8220;60px&#8220;]<span id=\"creative-link-wrap-7082\" class=\"ult_main_cl ult-adjust-bottom-margin style-ten  vc_custom_1735922130950\" >\n\t \t\t\t<span class=\"ult_cl_link_11  ult_crlink\" >\n\t\t\t\t\t<a  data-ultimate-target='#creative-link-wrap-7082 .ult_colorlink'  data-responsive-json-new='{\"font-size\":\"desktop:12px;\",\"line-height\":\"desktop:16px;\"}'  href=\"https:\/\/praxis-armonia.ch\/?page_id=704\" title=\"Termin vereinbaren\"  class=\"ult_colorlink ult-responsive \" style=\"font-family:Open Sans;font-weight:600; \"  data-textcolor=\"#ffffff\" data-texthover=\"#000000\"data-style=\"Style_11\">\n\t\t\t\t\t\t<span class=\"ult_link_top ult_btn11_link_top \" style=\"background:#008080;color:#000000;;padding-top: 10px !important;padding-right: 20px !important;padding-bottom: 10px !important;padding-left: 20px !important;\">Termin vereinbaren<\/span>\n\t\t\t\t\t\t<span data-hover=\"Termin vereinbaren\" style=\"color:#ffffff;;background:#000000;;padding-top: 10px !important;padding-right: 20px !important;padding-bottom: 10px !important;padding-left: 20px !important;\" class=\"ult_btn10_span   \">Termin vereinbaren<\/span>\n\t\t\t\t\t\t\n\t\t\t\t\t<\/a>\n\t\t\t\t<\/span>\n\t\t\t<\/span><div class=\"ult-spacer spacer-69f7238c035b5\" data-id=\"69f7238c035b5\" data-height=\"0\" data-height-mobile=\"40\" data-height-tab=\"\" data-height-tab-portrait=\"\" data-height-mobile-landscape=\"40\" style=\"clear:both;display:block;\"><\/div>[\/vc_column][vc_column css_animation=&#8220;slideInUp&#8220; width=&#8220;1\/4&#8243; css=&#8220;.vc_custom_1497199737375{padding-right: 25px !important;padding-left: 25px !important;}&#8220;][\/vc_column][\/vc_row][vc_row bg_type=&#8220;bg_color&#8220; bg_override=&#8220;ex-full&#8220; bg_color_value=&#8220;#a9d3d3&#8243; css=&#8220;.vc_custom_1736451098040{padding-top: 125px !important;}&#8220;][vc_column][vc_column_text css=&#8220;.vc_custom_1734384880042{background-color: __USE_THEME_MAIN_COLOR__ !important;border-color: __USE_THEME_MAIN_COLOR__ !important;}&#8220;]<\/p>\n<h1 class=\"h1quotehome\">\u201c <span class=\"BxUVEf ILfuVd\" lang=\"de\"><span class=\"hgKElc\">Wer heilt, hat recht.<\/span><\/span>\u201d<\/h1>\n<p>&nbsp;<\/p>\n<p>&#8211; Hippokrates[\/vc_column_text][vc_empty_space height=&#8220;100px&#8220;][\/vc_column][\/vc_row]<\/p>\n<\/div>","protected":false},"excerpt":{"rendered":"<p>[vc_row][vc_column][rev_slider_vc alias=&#8220;homev1&#8243;][vc_empty_space height=&#8220;80px&#8220;][\/vc_column][\/vc_row][vc_row][vc_column width=&#8220;1\/4&#8243;][\/vc_column][vc_column width=&#8220;1\/2&#8243;][vc_custom_heading text=&#8220;Schr\u00f6pfen&#8220; font_container=&#8220;tag:h2|font_size:26px|text_align:center&#8220; use_theme_fonts=&#8220;yes&#8220; css=&#8220;&#8220;][vc_column_text css=&#8220;&#8220;]Schr\u00f6pfen ist eine traditionelle Naturheilmethode, bei der durch Unterdruck in Schr\u00f6pfgl\u00e4sern die Durchblutung gef\u00f6rdert, der Stoffwechsel angeregt und Verspannungen gel\u00f6st werden. Es wirkt gezielt auf das darunterliegende Gewebe, unterst\u00fctzt die Entgiftung, st\u00e4rkt das Immunsystem und kann Beschwerden wie R\u00fcckenschmerzen, Verdauungsproblemen oder Stress lindern.[\/vc_column_text][vc_empty_space height=&#8220;40px&#8220;][vc_single_image image=&#8220;1289&#8243; img_size=&#8220;full&#8220; [&hellip;]<\/p>\n","protected":false},"author":1,"featured_media":0,"parent":0,"menu_order":0,"comment_status":"closed","ping_status":"closed","template":"template-home.php","meta":{"footnotes":""},"class_list":["post-1020","page","type-page","status-publish","hentry"],"_links":{"self":[{"href":"https:\/\/praxis-armonia.ch\/index.php?rest_route=\/wp\/v2\/pages\/1020","targetHints":{"allow":["GET"]}}],"collection":[{"href":"https:\/\/praxis-armonia.ch\/index.php?rest_route=\/wp\/v2\/pages"}],"about":[{"href":"https:\/\/praxis-armonia.ch\/index.php?rest_route=\/wp\/v2\/types\/page"}],"author":[{"embeddable":true,"href":"https:\/\/praxis-armonia.ch\/index.php?rest_route=\/wp\/v2\/users\/1"}],"replies":[{"embeddable":true,"href":"https:\/\/praxis-armonia.ch\/index.php?rest_route=%2Fwp%2Fv2%2Fcomments&post=1020"}],"version-history":[{"count":19,"href":"https:\/\/praxis-armonia.ch\/index.php?rest_route=\/wp\/v2\/pages\/1020\/revisions"}],"predecessor-version":[{"id":1565,"href":"https:\/\/praxis-armonia.ch\/index.php?rest_route=\/wp\/v2\/pages\/1020\/revisions\/1565"}],"wp:attachment":[{"href":"https:\/\/praxis-armonia.ch\/index.php?rest_route=%2Fwp%2Fv2%2Fmedia&parent=1020"}],"curies":[{"name":"wp","href":"https:\/\/api.w.org\/{rel}","templated":true}]}}